s of 950?
2, 5, 19
What are the prime factors of 16529?
16529
What are the prime factors of 26204?
2, 6551
List the prime factors of 358.
2, 179
What are the prime factors of 868?
2, 7, 31
What are the prime factors of 117590?
2, 5, 11, 1069
What are the prime factors of 36163?
29, 43
List the prime factors of 89881.
11, 8171
List the prime factors of 184.
2, 23
List the prime factors of 2215.
5, 443
List the prime factors of 4735.
5, 947
List the prime factors of 24313.
41, 593
What are the prime factors of 13259?
13259
List the prime factors of 714.
2, 3, 7, 17
List the prime factors of 9673.
17, 569
What are the prime factors of 5646?
2, 3, 941
List the prime factors of 41.
41
List the prime factors of 2110.
2, 5, 211
List the prime factors of 2108.
2, 17, 31
What are the prime factors of 567?
3, 7
List the prime factors of 26944.
2, 421
List the prime factors of 2637.
3, 293
What are the prime factors of 904?
2, 113
List the prime factors of 1329.
3, 443
What are the prime factors of 35195?
5, 7039
What are the prime factors of 16388?
2, 17, 241
List the prime factors of 20986.
2, 7, 1499
List the prime factors of 9837.
3, 1093
List the prime factors of 171274.
2, 29, 2953
What are the prime factors of 952?
2, 7, 17
List the prime factors of 12062.
2, 37, 163
What are the prime factors of 43?
43
List the prime factors of 57634.
2, 28817
List the prime factors of 10688.
2, 167
List the prime factors of 30382.
2, 11, 1381
List the prime factors of 31291.
13, 29, 83
List the prime factors of 5.
5
What are the prime factors of 2201?
31, 71
List the prime factors of 22194.
2, 3, 137
What are the prime factors of 116020?
2, 5, 5801
What are the prime factors of 587?
587
What are the prime factors of 1779?
3, 593
What are the prime factors of 12074?
2, 6037
What are the prime factors of 6636?
2, 3, 7, 79
What are the prime factors of 13808?
2, 863
What are the prime factors of 916?
2, 229
What are the prime factors of 26500?
2, 5, 53
List the prime factors of 109019.
41, 2659
What are the prime factors of 335?
5, 67
List the prime factors of 544.
2, 17
What are the prime factors of 42150?
2, 3, 5, 281
List the prime factors of 24336.
2, 3, 13
What are the prime factors of 25528?
2, 3191
What are the prime factors of 2593?
2593
What are the prime factors of 120949?
79, 1531
What are the prime factors of 43279?
113, 383
What are the prime factors of 3866?
2, 1933
List the prime factors of 7803.
3, 17
List the prime factors of 1691.
19, 89
What are the prime factors of 3574?
2, 1787
List the prime factors of 1590.
2, 3, 5, 53
What are the prime factors of 6951?
3, 7, 331
What are the prime factors of 1405?
5, 281
What are the prime factors of 1095?
3, 5, 73
What are the prime factors of 998?
2, 499
What are the prime factors of 156252?
2, 3, 29, 449
List the prime factors of 13992.
2, 3, 11, 53
What are the prime factors of 862?
2, 431
What are the prime factors of 1101?
3, 367
What are the prime factors of 7880?
2, 5, 197
List the prime factors of 31380.
2, 3, 5, 523
List the prime factors of 88841.
73, 1217
List the prime factors of 661.
661
List the prime factors of 89870.
2, 5, 11, 19, 43
What are the prime factors of 51011?
29, 1759
List the prime factors of 520.
2, 5, 13
List the prime factors of 3830.
2, 5, 383
What are the prime factors of 62959?
13, 29, 167
What are the prime factors of 1183?
7, 13
List the prime factors of 7393.
7393
What are the prime factors of 9111?
3, 3037
List the prime factors of 6418.
2, 3209
What are the prime factors of 38439?
3, 4271
List the prime factors of 85152.
2, 3, 887
List the prime factors of 143.
11, 13
What are the prime factors of 1816?
2, 227
What are the prime factors of 54088?
2, 6761
List the prime factors of 7723.
7723
List the prime factors of 46786.
2, 149, 157
What are the prime factors of 1922?
2, 31
List the prime factors of 26405.
5, 5281
What are the prime factors of 33999?
3, 7, 1619
List the prime factors of 6337.
6337
What are the prime factors of 22640?
2, 5, 283
What are the prime factors of 2668?
2, 23, 29
What are the prime factors of 26164?
2, 31, 211
What are the prime factors of 932?
2, 233
List the prime factors of 3747.
3, 1249
List the prime factors of 199.
199
List the prime factors of 105738.
2, 3, 17623
List the prime factors of 395.
5, 79
What are the prime factors of 5549?
31, 179
List the prime factors of 89597.
89597
List the prime factors of 40356.
2, 3, 19, 59
List the prime factors of 6497.
73, 89
List the prime factors of 2358.
2, 3, 131
List the prime factors of 35.
5, 7
What are the prime factors of 4658?
2, 17, 137
List the prime factors of 1086.
2, 3, 181
What are the prime factors of 706?
2, 353
List the prime factors of 23950.
2, 5, 479
List the prime factors of 11259.
3, 139
List the prime factors of 6878.
2, 19, 181
What are the prime factors of 1086?
2, 3, 181
List the prime factors of 133563.
3, 211
What are the prime factors of 1176?
2, 3, 7
List the prime factors of 4875.
3, 5, 13
List the prime factors of 163.
163
List the prime factors of 9537.
3, 11, 17
What are the prime factors of 34493?
17, 2029
What are the prime factors of 2389?
2389
List the prime factors of 1543.
1543
What are the prime factors of 6792?
2, 3, 283
List the prime factors of 4587.
3, 11, 139
List the prime factors of 6995.
5, 1399
What are the prime factors of 2826?
2, 3, 157
What are the prime factors of 1159?
19, 61
List the prime factors of 2401.
7
List the prime factors of 6566.
2, 7, 67
List the prime factors of 6698.
2, 17, 197
What are the prime factors of 45639?
3, 11, 461
List the prime factors of 824.
2, 103
List the prime factors of 136775.
5, 5471
List the prime factors of 46.
2, 23
List the prime factors of 5169.
3, 1723
What are the prime factors of 599?
599
List the prime factors of 13256.
2, 1657
What are the prime factors of 65519?
65519
List the prime factors of 5249.
29, 181
List the prime factors of 26818.
2, 11, 23, 53
List the prime factors of 2792.
2, 349
What are the prime factors of 2125?
5, 17
What are the prime factors of 10130?
2, 5, 1013
List the prime factors of 15165.
3, 5, 337
List the prime factors of 29319.
3, 29, 337
List the prime factors of 13803.
3, 43, 107
What are the prime factors of 1010?
2, 5, 101
List the prime factors of 9022.
2, 13, 347
What are the prime factors of 338?
2, 13
List the prime factors of 162.
2, 3
What are the prime factors of 46490?
2, 5, 4649
List the prime factors of 492.
2, 3, 41
List the prime factors of 23632.
2, 7, 211
List the prime factors of 7078.
2, 3539
What are the prime factors of 1133?
11, 103
List the prime factors of 6501.
3, 11, 197
List the prime factors of 541.
541
What are the prime factors of 55396?
2, 11, 1259
What are the prime factors of 3190?
2, 5, 11, 29
List the prime factors of 24621.
3, 29, 283
List the prime factors of 4227.
3, 1409
List the prime factors of 39441.
3, 13147
List the prime factors of 17322.
2, 3, 2887
What are the prime factors of 10?
2, 5
List the prime factors of 2663.
2663
What are the prime factors of 652?
2, 163
What are the prime factors of 69182?
2, 34591
List the prime factors of 2962.
2, 1481
What are the prime factors of 140690?
2, 5, 11, 1279
What are the prime factors of 9859?
9859
What are the prime factors of 773?
773
What are the prime factors of 133472?
2, 43, 97
What are the prime factors of 3952?
2, 13, 19
What are the prime factors of 9158?
2, 19, 241
What are the prime factors of 2103?
3, 701
What are the prime factors of 6818?
2, 7, 487
List the prime factors of 2108.
2, 17, 31
What are the prime factors of 5701?
5701
List the prime factors of 3826.
2, 1913
What are the prime factors of 15221?
31, 491
List the prime factors of 1335.
3, 5, 89
What are the prime factors of 9615?
3, 5, 641
List the prime factors of 191.
191
List the prime factors of 343.
7
List the prime factors of 105.
3, 5, 7
List the prime factors of 174.
2, 3, 29
List the prime factors of 141466.
2, 13, 5441
List the prime factors of 1898.
2, 13, 73
List the prime factors of 128.
2
List the prime factors of 42149.
113, 373
List the prime factors of 15021.
3, 1669
List the prime factors of 1841.
7, 263
What are the prime factors of 2622?
2, 3, 19, 23
List the prime factors of 31636.